at is the units digit of j?
7
Let l(c) = -c**2 + 11*c. Let d be l(11). Suppose d = -0*q + 3*q - 42. What is the units digit of 2/7 + 276/q?
0
Let i(u) = u**3 + 7*u**2 - 10*u - 10. Let s be i(-10). What is the tens digit of 8/(-32) + s/(-8)?
2
Let b(r) = 3*r**2 + 195*r - 63. What is the units digit of b(-68)?
9
Let w(t) = t**3 + 11*t**2 + t + 8. Let c be w(-11). Let k = 6 + c. Suppose -k = -5*p - 18, 4*r - 4*p = 40. What is the units digit of r?
7
Suppose 122 = -5*j + 4*w, -w = -3*j + 2*j - 24. Let k = j + 40. What is the units digit of k?
4
Let s(t) = 8*t + 3. Let i be s(-1). Let l(k) = -k**3 - 6*k**2 - 6*k - 2. Let z be l(i). Suppose 0 = z*h - 36 + 6. What is the units digit of h?
0
Let c be 2*((-2)/(-4) + 1). Suppose c*q - 48 = 4*y, y = -4*q + 3*y + 64. Suppose 0 = 2*j - q - 10. What is the units digit of j?
3
Let q(g) = -3*g + 12. Let s be q(13). Let a be (s/6 + 3)*-8. Let o(z) = -z**3 + 11*z**2 + 14*z - 10. What is the units digit of o(a)?
4
Suppose 0 = -j - 2*p + 27, -3*j + 26 = -4*p - p. Suppose -51 = -y + j. What is the tens digit of y?
6
Suppose 0 = -2*j + 4*d + 2300, 2*j + 4*d - 1723 - 561 = 0. What is the tens digit of j?
4
Suppose 0 = 4*u - 13 - 3. Let p = u + 1. Suppose -p*f = -89 - 51. What is the tens digit of f?
2
Let u(n) = 33*n**2 + 3*n + 1. Let t be u(-2). Let o = -86 + t. What is the tens digit of o?
4
Let z(f) be the second derivative of 2*f**3/3 - 9*f**2/2 + 4*f. What is the tens digit of z(5)?
1
Let w be (13 - 4)/(4*1)*-20. What is the hundreds digit of 145*(12/54 + (-44)/w)?
1
Suppose 1958 = 3*z + 20. Suppose -5*p + z = 41. What is the tens digit of p?
2
Suppose -4*p + 0 = 4. Let v be (-825)/22*2*p. Let j = v - 18. What is the units digit of j?
7
Let v(a) = -a**3 - 7*a**2 - 7*a + 2. Suppose 0*d = -3*d - 18. Let i be v(d). Suppose b - 1 = 0, 4*b - b - i = -c. What is the units digit of c?
5
Let o(q) = 6*q**2 - 3*q + 4. Let a(n) = 3*n**2 - n + 2. Let p(j) = -7*a(j) + 4*o(j). Let g be p(-5). What is the units digit of ((-2)/6)/((-2)/g)?
7
Let k(f) = f**3 + 6*f**2 - 2*f - 1. Let h be k(-6). Suppose -h*p = -2361 - 279. What is the hundreds digit of p?
2
Suppose 18*q - 15 = 21*q. Let n = q + 39. What is the tens digit of n?
3
Suppose 5*n - 5*m + 4694 = 6*n, 3*n - 3*m = 14154. What is the thousands digit of n?
4
Suppose -18 = 2*u - 0*u. Let n be ((-9)/u)/(-1 + 2). What is the units digit of n/5 - (-336)/70?
5
Suppose 3*l = -2*l - 65. Let x = -54 - l. Let h = -19 - x. What is the tens digit of h?
2
What is the tens digit of 87/(-5)*(-159 + 89)?
1
Let d(l) = 39*l - 470. What is the units digit of d(31)?
9
What is the thousands digit of 5 + (1370 - -1) + 1?
1
Let w(h) = h**3 + 8*h**2 - 28*h - 66. What is the tens digit of w(-9)?
0
Suppose -20 = -5*n + 2*p + 5, -13 = -n + 2*p. Suppose 233 = 2*o - 5*j, -n*o + 12 = 5*j - 375. What is the units digit of o?
4
Suppose -3 = -u - 9. Let m = -5 - u. Let o(r) = 26*r**3 - r**2 + 1. What is the units digit of o(m)?
6
Suppose -4*c = x - 448, 9*c - x - 336 = 6*c. What is the units digit of c?
2
Suppose -2*l - 18 = -0*f + 4*f, 5*f + 29 = 4*l. What is the tens digit of 49/(l*1/1)?
4
Suppose -4*m - z - 5 = 0, 5*m - 5 = -2*z + 3*z. Let x = -1 + 4. Suppose m = 4*i + 3*w + w - 8, 0 = x*i + w - 4. What is the units digit of i?
1
Let d be ((-2)/((-36)/30))/((-1)/(-57)). Suppose -5*q = d - 670. What is the tens digit of q?
1
Suppose 3*h - 9*h + 4554 = 0. What is the units digit of h?
9
Let m = 57 + -54. Suppose -m*i + 106 = 10. What is the tens digit of i?
3
Suppose w + 3*w - 3*y = 15, w = 2*y + 5. Suppose -926 = -5*h - j, h = w*j + 135 + 47. Suppose 0 = 5*m - 5*g - h, 3*g + 10 = 8*g. What is the units digit of m?
9
Suppose 2 = -i - 8. Let k(m) = -8*m - 12. What is the units digit of k(i)?
8
Suppose a = -0 + 2. Let x(l) = -26*l + 26. Let y(z) = 5*z - 5. Let j(h) = a*x(h) + 11*y(h). What is the tens digit of j(9)?
2
Let z(n) = 18*n + 25. Let v(y) = 37*y + 50. Let p(w) = 6*v(w) - 13*z(w). What is the units digit of p(-16)?
7
Let h(m) = -2*m**2 + 15*m. Let o be h(8). Let r(p) = 2*p**2 + 20*p - 5. Let s(w) = -w**2 - 10*w + 3. Let v(i) = 2*r(i) + 5*s(i). What is the tens digit of v(o)?
2
Suppose 150*z - 15280 = 140*z. What is the thousands digit of z?
1
Let j = 5356 - 1866. What is the hundreds digit of j?
4
Let d(g) = 8*g + 2. Let o be (6/(-4))/((-24)/32). Suppose o*r = 8 - 4. What is the tens digit of d(r)?
1
Let w = 44 - 31. Suppose -4*o + 5*s + w = -2*o, 0 = 3*s + 3. Suppose c - 4*c - l + 36 = 0, -4*c + o*l = -32. What is the units digit of c?
1
What is the hundreds digit of (-1 + 1/7)/((-23)/3703)?
1
What is the hundreds digit of 3*((-980)/15)/7*-34?
9
Let f be 41*((-7)/(-5) + 10/(-25)). Let m = f - 33. What is the units digit of m?
8
Suppose 0 = -3*t - 6*b + b - 28, -2*t - 5*b = 27. What is the units digit of 22/(-11) + t + 83?
0
Suppose 2466 = -22*h + 24*h. What is the hundreds digit of h?
2
What is the hundreds digit of (-8)/((-22929)/(-2085) - 11)?
7
Suppose 7*n - 5*n - 14 = -2*t, -3*t + 25 = n. Suppose 788 = -t*s + 2597. What is the units digit of s?
1
Suppose 0 = 3*j - 5*x - 2410, j + 7*x - 800 = 8*x. What is the units digit of j?
5
Let m(x) = -22*x + 16. Let o(c) = 45*c - 31. Let w(d) = 5*m(d) + 3*o(d). What is the tens digit of w(3)?
6
Let h(n) = 6 + 4*n + 2*n + 0 - 5*n. Let g be h(0). Let x(w) = 4*w. What is the tens digit of x(g)?
2
Suppose 0 = 5*b + n - 3860, -5*n + 1567 = -5*b + 7*b. What is the hundreds digit of b?
7
Suppose 2*v + v + 18 = 0. Let p = -7 - v. What is the units digit of (-1)/((-4)/(p - -61))?
5
Suppose 6*l - 4*l + 4 = -3*a, 0 = -2*a + 4*l + 24. Let r be 2*((-2)/(-3))/(6/9). Suppose a*b + 32 = r*m + 2*m, -2*m = 4*b - 6. What is the units digit of m?
7
Suppose 588 - 154 = 7*j. What is the tens digit of j?
6
What is the tens digit of -3 - (-6 - 2) - -34?
3
Let y = -96 + 188. Suppose -557 = -5*x - y. What is the units digit of x?
3
Let t = 2 + -8. What is the units digit of 9/(81/t) - (-194)/3?
4
Let u(n) = 5*n**2 - 19*n - 3. Let v be u(11). Suppose -5*a + v = -722. What is the hundreds digit of a?
2
Let p(v) = v**3 - 10*v**2 - 8*v + 2. Let j be p(11). Let y = 3 - 14. Let n = j + y. What is the units digit of n?
4
Suppose 3*d - d + 48 = 2*u, 0 = -4*d - 3*u - 68. Let g be (0 + d)/(5/10). Let o = 70 + g. What is the tens digit of o?
3
Let g(v) = 2*v**2 + 7*v - 6. Let b(f) = 5*f**2 + 20*f - 17. Let j(s) = 3*b(s) - 8*g(s). Let n be j(3). Suppose 5*w = 5 - n. What is the units digit of w?
1
Suppose -a - 233 - 249 = 0. What is the units digit of (-2)/10 - a/10?
8
Let v(l) = 164*l - 191. What is the units digit of v(11)?
3
Let h be 10*-1*40/(-50). Let n(i) = 4*i**2 - 19*i + 11. What is the tens digit of n(h)?
1
Let x(r) = -10*r - 22. Let l = -13 - -8. What is the units digit of x(l)?
8
What is the hundreds digit of 3 + -4 - -2766 - 1 - 6?
7
What is the units digit of (912/285)/(-2 + (-1144)/(-570))?
6
Let y(u) = u**3 - 3*u**2 + 4*u + 2. Let o be y(4). Suppose q = -q + o. What is the units digit of q?
7
Let o(m) = -m**2 - 4*m + 2. Suppose 0*d + d = 2*f + 8, -f = 2*d + 9. Let w be o(f). What is the tens digit of 40 - (1/(-1) - w)?
3
Let j = 356 + 320. What is the hundreds digit of j?
6
Suppose -k = 5*m - 17, 2*k + 2*k + m + 27 = 0. What is the tens digit of (k + 4)/(-1) - -54?
5
Suppose -460 = -2*l + 7*l. Let k = -54 - l. Suppose 0 = 3*b - 22 - k. What is the units digit of b?
0
Let c(v) = -2*v - 9. Let q = 8 - 16. Let k be c(q). Suppose -5*r + 4*r - 27 = -3*m, -5*r - k = m. What is the units digit of m?
8
Suppose 0 = -22*h + 17*h + 1465. Suppose h = 2*n + 9. What is the tens digit of n?
4
Let b(t) = 3*t**2 + 3*t + 2. Suppose -s + 5*z = 0, s = 2*z + 2*z - 1. What is the units digit of b(s)?
2
Let x = -13 + 23. Suppose -x = -2*j + 8. Suppose -j*w + 90 = -4*w. What is the tens digit of w?
1
Let n(r) = -90*r - 2. What is the units digit of n(-6)?
8
Let r be (4/(-2))/(-1 - 66/(-69)). Let k(c) = 80*c**2 - 1. Let v be k(-1). Let u = v - r. What is the tens digit of u?
3
Suppose -a = a + 72. Let z = a - -21. Let r = 38 + z. What is the tens digit of r?
2
Let k = 9 + 2. Let y(m) = -k*m - 10*m**2 + 9*m + 7*m + 3*m**2 + m**3. What is the units digit of y(7)?
5
Let a(w) = w**3 - w**2 + w + 1. Let f(b) = 4*b**3 - 25*b**2 + 5*b + 26. Let d(m) = -3*a(m) + f(m). What is the units digit of d(22)?
7
